et j(g) be the second derivative of -g**3/3 - 4*g. Let n be j(2). List the prime factors of 3 - ((-3 - 0) + n).
2, 5
Suppose -a + 35 + 15 = 0. What are the prime factors of a?
2, 5
Let o = 4 + 13. What are the prime factors of o?
17
Let p(k) = k**3 - 4*k**2 + 2*k + 2. Let o be p(2). Let j = o - -22. What are the prime factors of j?
2, 5
Suppose 8*p = 3*p. Suppose 3*l = 5*j - 2, 2*j + p*l - 3 = -l. What are the prime factors of 1*(-2 + 19)*j?
17
Let z(d) = d**2 - 13*d + 16. Suppose -5*h - 28 = -83. Let c be z(h). What are the prime factors of (44/(-10))/(c/15)?
11
Let y be (-3 + 1)/((-1)/2). Suppose -y*r - r = 10, -3*r - 46 = -4*j. List the prime factors of j.
2, 5
Suppose 4*t = 2*t + 4. Let v = 1 - 1. Let w = t - v. List the prime factors of w.
2
Let x(w) = -w**2 + 3*w + 1. Suppose -i + 6 = 2*i. List the prime factors of x(i).
3
Suppose -4*y + 21 = -79. List the prime factors of y.
5
Let v = -10 + 27. Let g = v + -3. What are the prime factors of g?
2, 7
Let o(a) = a**3 + 4*a**2 - 7*a - 2. Let t be o(-5). Suppose -u - u = -t. Suppose 0 = -i + u*i - 12. What are the prime factors of i?
2
Let m be (1 + 4)*(2 + -1). Suppose 0 = m*y + 10 + 20. What are the prime factors of (y/(-4))/((-2)/(-4))?
3
Let p(x) = -6*x + 4. Suppose -1 - 3 = r. Let g be p(r). What are the prime factors of g/5 - 2/(-5)?
2, 3
Let g(k) = -k - 2. Let u(n) be the first derivative of n**2/2 + 2*n + 2. Let z(f) = -2*g(f) - 3*u(f). List the prime factors of z(-6).
2
Let l = 3 + -4. Let x(k) = -26*k**3 + k**2 - 1. What are the prime factors of x(l)?
2, 13
Let b = -4 - -6. Suppose 5*d - k - 106 = 5, -2*k = -b*d + 38. What are the prime factors of d?
23
Let v = 7 + -3. Suppose -b - 6 = -v*b. Suppose 0 = 4*m - 0*m - 5*c + 7, b = -2*m + 2*c. List the prime factors of m.
2
What are the prime factors of ((-9)/6)/((-2)/(88/6))?
11
Let k(j) = -1 + 8 + 2 + 4*j. What are the prime factors of k(4)?
5
List the prime factors of -1 - -1 - -2 - -29.
31
Let w be 2 + 0 + 0/(-7). Suppose 0*i + w*i - 4 = 0. What are the prime factors of i?
2
Let x = -3 + 18. List the prime factors of x.
3, 5
Let z(d) = d**2 + 4*d - 12. Let a = 24 - 32. What are the prime factors of z(a)?
2, 5
Suppose 0 = -2*q - 2*i + 10, 0 = q - 3*q + 2*i + 22. What are the prime factors of q?
2
Let u = 922 + -535. What are the prime factors of u?
3, 43
Let a = 18 - 15. List the prime factors of a.
3
Suppose -a + 3*p = -29, 4*p = -2*a + 23 + 55. List the prime factors of 270/a - 4/(-14).
2
Let a(b) = -b**2 + b - 1. Let s(i) = 3*i**2 - 2*i + 3. Let v(p) = 5*a(p) + 2*s(p). What are the prime factors of v(6)?
43
Let i(z) = -2*z - 1. Let o be i(-3). Let t(y) = y**3 + 9*y**2 + 9*y + 8. Let d be t(-8). Let a = o + d. What are the prime factors of a?
5
Let k = 33 + 37. What are the prime factors of k?
2, 5, 7
Let o(l) be the first derivative of l**4/12 + 2*l**3/3 + 2*l**2 - 4*l + 3. Let a(s) be the first derivative of o(s). What are the prime factors of a(-4)?
2
Suppose x - 16 = 3*u, -2*x - 3*u + 0*u + 23 = 0. Suppose -5*d + 2 = -x. Suppose -5*s + 35 = 5*y - 25, -d*y = 6. List the prime factors of s.
2, 7
Let q(v) = 21*v**2 - 2*v - 4. What are the prime factors of q(-2)?
2, 3, 7
What are the prime factors of ((-18)/(-12))/(1/10)?
3, 5
Let k(n) = n**3 + n**2 - n - 1. Let q(r) = 6*r**3 + 17*r**2 + 5*r - 10. Let a(i) = -5*k(i) + q(i). What are the prime factors of a(-11)?
2, 3
Let p(r) = -r + 6. Let z be p(10). Let o = z + 12. What are the prime factors of o?
2
Let n be 9 + -7 - (-12 + 1). Let t = 50 - n. List the prime factors of t.
37
Suppose u - 131 = -3*v, 3*u - v + 3*v - 400 = 0. What are the prime factors of u?
2, 67
Let p(t) = 14*t - 7. List the prime factors of p(9).
7, 17
Suppose h - 14 = k, 2*h - 3*h - 3*k - 2 = 0. List the prime factors of h.
2, 5
Let j be 30*(-4)/18*-3. Suppose 7*x = 2*x + j. Suppose x*k = 3*f - 40, -2*f + 2*k - k + 35 = 0. List the prime factors of f.
2, 5
Suppose -2*k + 6 + 2 = 0. What are the prime factors of 42/k - (-3)/(-2)?
3
Suppose 0 = -5*h - 0*h + 10. Suppose 5*s + 21 = h*b - 23, 2*b - 52 = s. List the prime factors of (-151)/(-9) - (-6)/b.
17
Suppose -f + n = 2*f - 7, 2*f - 4*n = 8. Suppose p + 25 = f*g + 3*g, 0 = -5*p. Suppose 0 = g*w + 20, 2*s + 25 = 5*s + 5*w. What are the prime factors of s?
3, 5
Let x(y) = -y**2 - 8*y + 2. Let d be x(-8). Suppose -28 = -5*n + d*c, -3*n = 5*c - 24 + 1. List the prime factors of n.
2, 3
Let g be 20/(-150) + (-752)/(-15). Suppose -y = 16 - g. List the prime factors of y.
2, 17
Suppose 4*u - 12 = -0. What are the prime factors of u/(-1 - 2)*-22?
2, 11
Let a = 10 - 28. Let j be (-1498)/a - 4/18. What are the prime factors of 10/(-45) + j/9?
3
Suppose 5*c - 16 = c. Let o(z) = z**2 + 2*z - 2. Let b be o(c). Let a = b + -13. What are the prime factors of a?
3
Suppose -17*k + 232 = -13*k. What are the prime factors of k?
2, 29
Let l be (-2)/(14/(-4) - -3). List the prime factors of (8/6)/(l/78).
2, 13
Let i(b) = -b**2 + 8*b - 8. Suppose -4*a + a - 2*j + 4 = 0, 2 = -5*a + j. Suppose a = q - 0 - 6. List the prime factors of i(q).
2
Let u(d) = -2*d**3 - d. Let b be u(-1). Suppose 224 - 2 = -b*h. What are the prime factors of (-8)/(-52) + h/(-26)?
3
Let o(r) = r**3 + 5*r**2 + 2*r - 3. Let p be o(-4). Let x be (1 - 3)/(p + -3). What are the prime factors of x/(-1) + -6 + 17?
2, 3
Suppose 0*p + 164 = 4*p. Let a = p - 25. What are the prime factors of a?
2
Suppose 0*h = -h + 195. Suppose 3*d + f - 2*f = h, 3*d = 5*f + 195. Suppose 0 = -3*l - 2*l + d. List the prime factors of l.
13
Let b be -1*(-32 - -2)/1. Let v = b + -21. List the prime factors of v.
3
Suppose 215 = 14*n - 9*n. List the prime factors of n.
43
Let x(o) be the first derivative of 17*o**3/3 + o**2/2 - 5. List the prime factors of x(-1).
2
Let q(r) = -r**2 - 13*r + 8. Let z be q(-13). Suppose -6 + 0 = -5*t - 2*x, -4*x - z = 0. What are the prime factors of t?
2
Let o(x) = x. Let c(m) = 1. Let i(q) = -c(q) - 4*o(q). What are the prime factors of i(-8)?
31
Let r = 58 - 13. What are the prime factors of r?
3, 5
Suppose -4*v + 32 = 4*t, t + 4*t = -2*v + 1. What are the prime factors of v?
13
Suppose -5*k + 1 = -4, y - 93 = -5*k. List the prime factors of y.
2, 11
Suppose 0 = -28*z + 26*z + 878. What are the prime factors of z?
439
Let g be -12*(-4)/((-16)/(-19)). Suppose 0 = -4*l + g + 79. What are the prime factors of l?
2, 17
Suppose 0 = 3*k - 0*k - 99. List the prime factors of k.
3, 11
Let b(v) be the second derivative of -2*v**3/3 - 3*v**2/2 + 2*v. Let d(l) = l**2 - 2. Let t be d(0). What are the prime factors of b(t)?
5
Let n = -35 + 50. Suppose -x = -4*x + n. What are the prime factors of 18/(-10)*(x + -10)?
3
Let i(w) = -19*w - 5. What are the prime factors of i(-2)?
3, 11
Suppose 13*z - 182 - 65 = 0. What are the prime factors of z?
19
Suppose -5*z - 2 = -3*u, 9 - 21 = -4*z - u. Suppose l + z = -l. List the prime factors of (1 - -9) + -2 + l.
7
Suppose -y - 27 = -88. What are the prime factors of y?
61
Let d = 11 - 39. Let z be (0 - -2)*(-3 + 2). List the prime factors of (d/3)/(z/3).
2, 7
Suppose 4*y - 180 = y. What are the prime factors of y?
2, 3, 5
Let u be (-6)/(-15) - 36/(-10). Suppose 0 = 3*d - 2*a - 30, u*d = 7*d + 5*a - 30. List the prime factors of d.
2, 5
Suppose -2*n - 3*s + 22 = s, n - 3*s - 1 = 0. List the prime factors of n.
7
Let h(n) = 25*n + 3. List the prime factors of h(7).
2, 89
Let a = 5 - 0. Suppose 20 = -3*i + a*i. What are the prime factors of i?
2, 5
Suppose -2*i = 3*i - 45. Suppose 0*m + m - i = 0. Suppose 1 = v - m. What are the prime factors of v?
2, 5
Let k(m) = -m**2 - 10*m + 14. Let a(y) = -y**3 - 6*y**2 + y - 4. Suppose 5*o - l = -25, -o - 3*l - 8 = 13. Let b be a(o). What are the prime factors of k(b)?
2, 7
Let r = 2 + -2. Suppose r*k - 5 = k + 4*y, -k - 3*y - 1 = 0. List the prime factors of k.
11
Suppose 0 = 2*q - 4, 0*q + 64 = i + 3*q. Let h be (-2)/(0 - (-4)/i). Let d = -18 - h. List the prime factors of d.
11
Let v(i) = -i**3 - 4*i**2 - 4*i - 1. Let r be v(-3). What are the prime factors of r/4 + (-3)/(-2)?
2
Suppose 10*j - 5*j - 5*m = 15, -4*j + m = 0. Let n be (j - 0)*-13 + -2. Suppose 2*d - n = 5. What are the prime factors of d?
2
Suppose x = 2*x - 116. List the prime factors of x.
2, 29
Suppose -505 = -66*x + 61*x. List the prime factors of x.
101
Let v = -4 + 3. 